{"id":847,"date":"2022-07-26T08:25:29","date_gmt":"2022-07-26T11:25:29","guid":{"rendered":"https:\/\/pontocomapalavradotcom.wordpress.com\/?page_id=847"},"modified":"2026-02-27T15:14:56","modified_gmt":"2026-02-27T18:14:56","slug":"links-relacionados","status":"publish","type":"page","link":"https:\/\/pontocomapalavra.com\/index.php\/extras\/links-relacionados\/","title":{"rendered":"Links Relacionados"},"content":{"rendered":"\n<p>Encontre-nos tamb\u00e9m:<\/p>\n\n\n\n<p><a href=\"https:\/\/www.youtube.com\/c\/PontocomaPalavra\" target=\"_blank\" rel=\"noreferrer noopener\">Ponto com a Palavra Canal<\/a><\/p>\n\n\n\n<p><a href=\"https:\/\/www.youtube.com\/channel\/UCFxGrbtQDUV8cPrHrx1lQ5A\" target=\"_blank\" rel=\"noreferrer noopener\">Porto com a Palavra<\/a><\/p>\n\n\n\n<p><a href=\"https:\/\/www.youtube.com\/channel\/UC33jpGj0U0e-3EQiGZQZ3NQ\" target=\"_blank\" rel=\"noreferrer noopener\">Ponte com a Palavra<\/a><\/p>\n\n\n\n<p><\/p>\n\n\n\n<p>Acesse outros irm\u00e3os tamb\u00e9m:<\/p>\n\n\n\n<p><a href=\"https:\/\/www.amaturidade.com.br\/mensagens\" target=\"_blank\" rel=\"noreferrer noopener\">\u00c0 Maturidade<\/a><\/p>\n\n\n\n<p><a rel=\"noreferrer noopener\" href=\"http:\/\/www.irmaosemsaolourenco.com.br\" target=\"_blank\">Irm\u00e3os em S\u00e3o Louren\u00e7o<\/a><\/p>\n\n\n\n<p><a href=\"https:\/\/www.austin-sparks.net\/portugues\/\" target=\"_blank\" rel=\"noreferrer noopener\">T. Austin Sparks<\/a><\/p>\n\n\n\n<p><a href=\"https:\/\/tesoroscristianos.co\/#page-content\" target=\"_blank\" rel=\"noreferrer noopener\">Tesoro Cristiano<\/a><\/p>\n\n\n\n<p><a rel=\"noreferrer noopener\" href=\"https:\/\/www.christiantapeministry.com\/#\/\" target=\"_blank\">Christian Tape Ministry<\/a><\/p>\n","protected":false},"excerpt":{"rendered":"<p>Encontre-nos tamb\u00e9m: Ponto com a Palavra Canal Porto com a Palavra Ponte com a Palavra Acesse outros irm\u00e3os tamb\u00e9m: \u00c0 Maturidade Irm\u00e3os em S\u00e3o Louren\u00e7o T. Austin Sparks Tesoro Cristiano Christian Tape Ministry<\/p>\n","protected":false},"author":1,"featured_media":0,"parent":838,"menu_order":0,"comment_status":"closed","ping_status":"closed","template":"","meta":{"_monsterinsights_skip_tracking":false,"_monsterinsights_sitenote_active":false,"_monsterinsights_sitenote_note":"","_monsterinsights_sitenote_category":0,"footnotes":""},"aioseo_notices":[],"_links":{"self":[{"href":"https:\/\/pontocomapalavra.com\/index.php\/wp-json\/wp\/v2\/pages\/847"}],"collection":[{"href":"https:\/\/pontocomapalavra.com\/index.php\/wp-json\/wp\/v2\/pages"}],"about":[{"href":"https:\/\/pontocomapalavra.com\/index.php\/wp-json\/wp\/v2\/types\/page"}],"author":[{"embeddable":true,"href":"https:\/\/pontocomapalavra.com\/index.php\/wp-json\/wp\/v2\/users\/1"}],"replies":[{"embeddable":true,"href":"https:\/\/pontocomapalavra.com\/index.php\/wp-json\/wp\/v2\/comments?post=847"}],"version-history":[{"count":2,"href":"https:\/\/pontocomapalavra.com\/index.php\/wp-json\/wp\/v2\/pages\/847\/revisions"}],"predecessor-version":[{"id":5247,"href":"https:\/\/pontocomapalavra.com\/index.php\/wp-json\/wp\/v2\/pages\/847\/revisions\/5247"}],"up":[{"embeddable":true,"href":"https:\/\/pontocomapalavra.com\/index.php\/wp-json\/wp\/v2\/pages\/838"}],"wp:attachment":[{"href":"https:\/\/pontocomapalavra.com\/index.php\/wp-json\/wp\/v2\/media?parent=847"}],"curies":[{"name":"wp","href":"https:\/\/api.w.org\/{rel}","templated":true}]}}