{"id":838,"date":"2022-07-26T08:22:53","date_gmt":"2022-07-26T11:22:53","guid":{"rendered":"https:\/\/pontocomapalavradotcom.wordpress.com\/?page_id=838"},"modified":"2024-06-13T14:15:42","modified_gmt":"2024-06-13T17:15:42","slug":"extras","status":"publish","type":"page","link":"https:\/\/pontocomapalavra.com\/index.php\/extras\/","title":{"rendered":"Extras"},"content":{"rendered":"\n<p><a href=\"https:\/\/pontocomapalavra.com\/index.php\/extras\/animacoes\/desenhando-a-biblia\/\" title=\"\">Anima\u00e7\u00f5es<\/a><\/p>\n\n\n\n<p><a href=\"https:\/\/pontocomapalavra.com\/index.php\/extras\/canticos\/\" title=\"\">C\u00e2nticos<\/a><\/p>\n\n\n\n<p><a href=\"https:\/\/pontocomapalavra.com\/index.php\/extras\/filmes\/\" title=\"\">Filmes<\/a><\/p>\n\n\n\n<p><a href=\"https:\/\/pontocomapalavra.com\/index.php\/extras\/links-relacionados\/\" title=\"Links Relacionados\">Links Relacionados<\/a><\/p>\n","protected":false},"excerpt":{"rendered":"<p>Anima\u00e7\u00f5es C\u00e2nticos Filmes Links Relacionados<\/p>\n","protected":false},"author":1,"featured_media":0,"parent":0,"menu_order":0,"comment_status":"closed","ping_status":"closed","template":"","meta":{"_monsterinsights_skip_tracking":false,"_monsterinsights_sitenote_active":false,"_monsterinsights_sitenote_note":"","_monsterinsights_sitenote_category":0,"footnotes":""},"aioseo_notices":[],"_links":{"self":[{"href":"https:\/\/pontocomapalavra.com\/index.php\/wp-json\/wp\/v2\/pages\/838"}],"collection":[{"href":"https:\/\/pontocomapalavra.com\/index.php\/wp-json\/wp\/v2\/pages"}],"about":[{"href":"https:\/\/pontocomapalavra.com\/index.php\/wp-json\/wp\/v2\/types\/page"}],"author":[{"embeddable":true,"href":"https:\/\/pontocomapalavra.com\/index.php\/wp-json\/wp\/v2\/users\/1"}],"replies":[{"embeddable":true,"href":"https:\/\/pontocomapalavra.com\/index.php\/wp-json\/wp\/v2\/comments?post=838"}],"version-history":[{"count":2,"href":"https:\/\/pontocomapalavra.com\/index.php\/wp-json\/wp\/v2\/pages\/838\/revisions"}],"predecessor-version":[{"id":4027,"href":"https:\/\/pontocomapalavra.com\/index.php\/wp-json\/wp\/v2\/pages\/838\/revisions\/4027"}],"wp:attachment":[{"href":"https:\/\/pontocomapalavra.com\/index.php\/wp-json\/wp\/v2\/media?parent=838"}],"curies":[{"name":"wp","href":"https:\/\/api.w.org\/{rel}","templated":true}]}}