{"id":818,"date":"2022-07-26T08:17:30","date_gmt":"2022-07-26T11:17:30","guid":{"rendered":"https:\/\/pontocomapalavradotcom.wordpress.com\/?page_id=818"},"modified":"2024-01-19T19:17:57","modified_gmt":"2024-01-19T22:17:57","slug":"rouget-fuchs","status":"publish","type":"page","link":"https:\/\/pontocomapalavra.com\/index.php\/mensagens\/rouget-fuchs\/","title":{"rendered":"Rouget Fuchs"},"content":{"rendered":"\n<p><a href=\"https:\/\/pontocomapalavra.com\/index.php\/mensagens\/rouget-fuchs\/a-maturidade-e-o-servico-cristao\/\" title=\"\">A Maturidade e o Servi\u00e7o Crist\u00e3o<\/a><\/p>\n\n\n\n<p><a href=\"https:\/\/pontocomapalavra.com\/index.php\/mensagens\/rouget-fuchs\/a-visao-modelo-e-ministerio-celestial\/\" title=\"\">A Vis\u00e3o, Modelo e Minist\u00e9rio Celestial<\/a><\/p>\n\n\n\n<p><a href=\"https:\/\/pontocomapalavra.com\/index.php\/mensagens\/rouget-fuchs\/ageu-uma-profecia-para-o-nosso-tempo-e-ao-mar-alto\/\" title=\"\">Ageu, Uma profecia Para o Nosso Tempo e ao Mar Alto<\/a><\/p>\n\n\n\n<p><a href=\"https:\/\/pontocomapalavra.com\/index.php\/mensagens\/rouget-fuchs\/os-principios-da-casa-de-deus\/\" title=\"\">Os Princ\u00edpios da Casa de Deus<\/a><\/p>\n\n\n\n<p><a href=\"https:\/\/pontocomapalavra.com\/index.php\/mensagens\/rouget-fuchs\/os-tres-grandes-espetaculos\/\" title=\"\">Os Tr\u00eas Grandes Espet\u00e1culos<\/a><\/p>\n\n\n\n<p><a href=\"https:\/\/pontocomapalavra.com\/index.php\/mensagens\/rouget-fuchs\/trindade-a-essencia-da-vida-familiar\/\" title=\"\">Trindade &#8211; A Ess\u00eancia da Vida Familiar<\/a><\/p>\n\n\n\n<p><a href=\"https:\/\/pontocomapalavra.com\/index.php\/mensagens\/rouget-fuchs\/um-santuario-para-deus\/\" title=\"\">Um Santu\u00e1rio Para Deus<\/a><\/p>\n","protected":false},"excerpt":{"rendered":"<p>A Maturidade e o Servi\u00e7o Crist\u00e3o A Vis\u00e3o, Modelo e Minist\u00e9rio Celestial Ageu, Uma profecia Para o Nosso Tempo e ao Mar Alto Os Princ\u00edpios da Casa de Deus Os Tr\u00eas Grandes Espet\u00e1culos Trindade &#8211; A Ess\u00eancia da Vida Familiar Um Santu\u00e1rio Para Deus<\/p>\n","protected":false},"author":1,"featured_media":0,"parent":791,"menu_order":0,"comment_status":"closed","ping_status":"closed","template":"","meta":{"_monsterinsights_skip_tracking":false,"_monsterinsights_sitenote_active":false,"_monsterinsights_sitenote_note":"","_monsterinsights_sitenote_category":0,"footnotes":""},"aioseo_notices":[],"_links":{"self":[{"href":"https:\/\/pontocomapalavra.com\/index.php\/wp-json\/wp\/v2\/pages\/818"}],"collection":[{"href":"https:\/\/pontocomapalavra.com\/index.php\/wp-json\/wp\/v2\/pages"}],"about":[{"href":"https:\/\/pontocomapalavra.com\/index.php\/wp-json\/wp\/v2\/types\/page"}],"author":[{"embeddable":true,"href":"https:\/\/pontocomapalavra.com\/index.php\/wp-json\/wp\/v2\/users\/1"}],"replies":[{"embeddable":true,"href":"https:\/\/pontocomapalavra.com\/index.php\/wp-json\/wp\/v2\/comments?post=818"}],"version-history":[{"count":8,"href":"https:\/\/pontocomapalavra.com\/index.php\/wp-json\/wp\/v2\/pages\/818\/revisions"}],"predecessor-version":[{"id":3769,"href":"https:\/\/pontocomapalavra.com\/index.php\/wp-json\/wp\/v2\/pages\/818\/revisions\/3769"}],"up":[{"embeddable":true,"href":"https:\/\/pontocomapalavra.com\/index.php\/wp-json\/wp\/v2\/pages\/791"}],"wp:attachment":[{"href":"https:\/\/pontocomapalavra.com\/index.php\/wp-json\/wp\/v2\/media?parent=818"}],"curies":[{"name":"wp","href":"https:\/\/api.w.org\/{rel}","templated":true}]}}