{"id":736,"date":"2022-07-20T20:14:53","date_gmt":"2022-07-20T23:14:53","guid":{"rendered":"https:\/\/pontocomapalavradotcom.wordpress.com\/?page_id=736"},"modified":"2024-12-12T13:45:03","modified_gmt":"2024-12-12T16:45:03","slug":"charles-henry-mackintosh","status":"publish","type":"page","link":"https:\/\/pontocomapalavra.com\/index.php\/audiolivros\/charles-henry-mackintosh\/","title":{"rendered":"Charles Henry Mackintosh"},"content":{"rendered":"\n<p><a href=\"https:\/\/pontocomapalavra.com\/index.php\/audiolivros\/charles-henry-mackintosh\/a-igreja-de-deus\/\" title=\"\">A Igreja de Deus (The Assembly of God)<\/a><\/p>\n\n\n\n<p><a href=\"https:\/\/pontocomapalavra.com\/index.php\/audiolivros\/charles-henry-mackintosh\/notas-sobre-o-pentateuco-genesis\/\" title=\"Notas Sobre o Pentateuco - G\u00eanesis\">Notas Sobre o Pentateuco &#8211; G\u00eanesis<\/a><\/p>\n\n\n\n<p><a href=\"https:\/\/pontocomapalavra.com\/index.php\/audiolivros\/charles-henry-mackintosh\/notas-sobre-o-pentateuco-exodo\/\" title=\"\">Notas Sobre o Pentateuco &#8211; \u00caxodo<\/a><\/p>\n\n\n\n<p><a href=\"https:\/\/pontocomapalavra.com\/index.php\/audiolivros\/charles-henry-mackintosh\/notas-sobre-o-pentateuco-levitico\/\" title=\"Notas Sobre o Pentateuco - Lev\u00edtico\">Notas Sobre o Pentateuco &#8211; Lev\u00edtico<\/a><\/p>\n\n\n\n<p><a href=\"https:\/\/pontocomapalavra.com\/index.php\/audiolivros\/charles-henry-mackintosh\/notas-sobre-o-pentateuco-numeros\/\" title=\"Notas Sobre o Pentateuco - N\u00fameros\">Notas Sobre o Pentateuco &#8211; N\u00fameros<\/a><\/p>\n\n\n\n<p><a href=\"https:\/\/pontocomapalavra.com\/index.php\/notas-sobre-o-pentateuco-deuteronomio\/\" title=\"Notas Sobre o Pentateuco - Deuteron\u00f4mio\">Notas Sobre o Pentateuco &#8211; Deuteron\u00f4mio<\/a><\/p>\n","protected":false},"excerpt":{"rendered":"<p>A Igreja de Deus (The Assembly of God) Notas Sobre o Pentateuco &#8211; G\u00eanesis Notas Sobre o Pentateuco &#8211; \u00caxodo Notas Sobre o Pentateuco &#8211; Lev\u00edtico Notas Sobre o Pentateuco &#8211; N\u00fameros Notas Sobre o Pentateuco &#8211; Deuteron\u00f4mio<\/p>\n","protected":false},"author":1,"featured_media":0,"parent":1941,"menu_order":0,"comment_status":"closed","ping_status":"closed","template":"","meta":{"_monsterinsights_skip_tracking":false,"_monsterinsights_sitenote_active":false,"_monsterinsights_sitenote_note":"","_monsterinsights_sitenote_category":0,"footnotes":""},"aioseo_notices":[],"_links":{"self":[{"href":"https:\/\/pontocomapalavra.com\/index.php\/wp-json\/wp\/v2\/pages\/736"}],"collection":[{"href":"https:\/\/pontocomapalavra.com\/index.php\/wp-json\/wp\/v2\/pages"}],"about":[{"href":"https:\/\/pontocomapalavra.com\/index.php\/wp-json\/wp\/v2\/types\/page"}],"author":[{"embeddable":true,"href":"https:\/\/pontocomapalavra.com\/index.php\/wp-json\/wp\/v2\/users\/1"}],"replies":[{"embeddable":true,"href":"https:\/\/pontocomapalavra.com\/index.php\/wp-json\/wp\/v2\/comments?post=736"}],"version-history":[{"count":9,"href":"https:\/\/pontocomapalavra.com\/index.php\/wp-json\/wp\/v2\/pages\/736\/revisions"}],"predecessor-version":[{"id":4160,"href":"https:\/\/pontocomapalavra.com\/index.php\/wp-json\/wp\/v2\/pages\/736\/revisions\/4160"}],"up":[{"embeddable":true,"href":"https:\/\/pontocomapalavra.com\/index.php\/wp-json\/wp\/v2\/pages\/1941"}],"wp:attachment":[{"href":"https:\/\/pontocomapalavra.com\/index.php\/wp-json\/wp\/v2\/media?parent=736"}],"curies":[{"name":"wp","href":"https:\/\/api.w.org\/{rel}","templated":true}]}}