{"id":4423,"date":"2025-06-11T14:57:31","date_gmt":"2025-06-11T17:57:31","guid":{"rendered":"https:\/\/pontocomapalavra.com\/?page_id=4423"},"modified":"2025-06-11T14:59:20","modified_gmt":"2025-06-11T17:59:20","slug":"com-cristo-na-escola-da-oracao","status":"publish","type":"page","link":"https:\/\/pontocomapalavra.com\/index.php\/audiolivros\/andrew-murray\/com-cristo-na-escola-da-oracao\/","title":{"rendered":"Com Cristo na Escola da Ora\u00e7\u00e3o"},"content":{"rendered":"\n<h2 class=\"wp-block-heading\">Pref\u00e1cio<\/h2>\n\n\n\n<figure class=\"wp-block-embed is-type-video is-provider-youtube wp-block-embed-youtube wp-embed-aspect-16-9 wp-has-aspect-ratio\"><div class=\"wp-block-embed__wrapper\">\n<div class='embed-container'><iframe loading=\"lazy\" title=\"Com Cristo na Escola de Ora\u00e7\u00e3o - Pref\u00e1cio - Andrew Murray\" width=\"1920\" height=\"1080\" src=\"https:\/\/www.youtube.com\/embed\/_b0dlce1gNc?feature=oembed\" frameborder=\"0\" allow=\"accelerometer; autoplay; clipboard-write; encrypted-media; gyroscope; picture-in-picture; web-share\" referrerpolicy=\"strict-origin-when-cross-origin\" allowfullscreen><\/iframe><\/div>\n<\/div><\/figure>\n\n\n\n<h2 class=\"wp-block-heading\">Li\u00e7\u00e3o Um<\/h2>\n\n\n\n<figure class=\"wp-block-embed is-type-video is-provider-youtube wp-block-embed-youtube wp-embed-aspect-16-9 wp-has-aspect-ratio\"><div class=\"wp-block-embed__wrapper\">\n<div class='embed-container'><iframe loading=\"lazy\" title=\"Com Cristo na Escola de Ora\u00e7\u00e3o - Li\u00e7\u00e3o 01 - Andrew Murray\" width=\"1920\" height=\"1080\" src=\"https:\/\/www.youtube.com\/embed\/s3zydUbw8Xo?feature=oembed\" frameborder=\"0\" allow=\"accelerometer; autoplay; clipboard-write; encrypted-media; gyroscope; picture-in-picture; web-share\" referrerpolicy=\"strict-origin-when-cross-origin\" allowfullscreen><\/iframe><\/div>\n<\/div><\/figure>\n\n\n\n<h2 class=\"wp-block-heading\">Li\u00e7\u00e3o Dois<\/h2>\n\n\n\n<figure class=\"wp-block-embed is-type-video is-provider-youtube wp-block-embed-youtube wp-embed-aspect-16-9 wp-has-aspect-ratio\"><div class=\"wp-block-embed__wrapper\">\n<div class='embed-container'><iframe loading=\"lazy\" title=\"Com Cristo na Escola de Ora\u00e7\u00e3o - Li\u00e7\u00e3o 02 - Andrew Murray\" width=\"1920\" height=\"1080\" src=\"https:\/\/www.youtube.com\/embed\/w3GO0QvFgV8?feature=oembed\" frameborder=\"0\" allow=\"accelerometer; autoplay; clipboard-write; encrypted-media; gyroscope; picture-in-picture; web-share\" referrerpolicy=\"strict-origin-when-cross-origin\" allowfullscreen><\/iframe><\/div>\n<\/div><\/figure>\n\n\n\n<h2 class=\"wp-block-heading\">Li\u00e7\u00e3o Tr\u00eas<\/h2>\n\n\n\n<figure class=\"wp-block-embed is-type-video is-provider-youtube wp-block-embed-youtube wp-embed-aspect-16-9 wp-has-aspect-ratio\"><div class=\"wp-block-embed__wrapper\">\n<div class='embed-container'><iframe loading=\"lazy\" title=\"Com Cristo na Escola de Ora\u00e7\u00e3o - Li\u00e7\u00e3o 03 - Andrew Murray\" width=\"1920\" height=\"1080\" src=\"https:\/\/www.youtube.com\/embed\/T4uzVp1q1eo?start=11&#038;feature=oembed\" frameborder=\"0\" allow=\"accelerometer; autoplay; clipboard-write; encrypted-media; gyroscope; picture-in-picture; web-share\" referrerpolicy=\"strict-origin-when-cross-origin\" allowfullscreen><\/iframe><\/div>\n<\/div><\/figure>\n\n\n\n<h2 class=\"wp-block-heading\">Li\u00e7\u00e3o Quatro<\/h2>\n\n\n\n<figure class=\"wp-block-embed is-type-video is-provider-youtube wp-block-embed-youtube wp-embed-aspect-16-9 wp-has-aspect-ratio\"><div class=\"wp-block-embed__wrapper\">\n<div class='embed-container'><iframe loading=\"lazy\" title=\"Com Cristo na Escola de Ora\u00e7\u00e3o - Li\u00e7\u00e3o 04 - Andrew Murray\" width=\"1920\" height=\"1080\" src=\"https:\/\/www.youtube.com\/embed\/vWzYiVQr55w?feature=oembed\" frameborder=\"0\" allow=\"accelerometer; autoplay; clipboard-write; encrypted-media; gyroscope; picture-in-picture; web-share\" referrerpolicy=\"strict-origin-when-cross-origin\" allowfullscreen><\/iframe><\/div>\n<\/div><\/figure>\n\n\n\n<h2 class=\"wp-block-heading\">Li\u00e7\u00e3o Cinco<\/h2>\n\n\n\n<figure class=\"wp-block-embed is-type-video is-provider-youtube wp-block-embed-youtube wp-embed-aspect-16-9 wp-has-aspect-ratio\"><div class=\"wp-block-embed__wrapper\">\n<div class='embed-container'><iframe loading=\"lazy\" title=\"Com Cristo na Escola de Ora\u00e7\u00e3o - Li\u00e7\u00e3o 05 - Andrew Murray\" width=\"1920\" height=\"1080\" src=\"https:\/\/www.youtube.com\/embed\/nKeJhc8HggY?feature=oembed\" frameborder=\"0\" allow=\"accelerometer; autoplay; clipboard-write; encrypted-media; gyroscope; picture-in-picture; web-share\" referrerpolicy=\"strict-origin-when-cross-origin\" allowfullscreen><\/iframe><\/div>\n<\/div><\/figure>\n\n\n\n<h2 class=\"wp-block-heading\">Li\u00e7\u00e3o Seis<\/h2>\n\n\n\n<figure class=\"wp-block-embed is-type-video is-provider-youtube wp-block-embed-youtube wp-embed-aspect-16-9 wp-has-aspect-ratio\"><div class=\"wp-block-embed__wrapper\">\n<div class='embed-container'><iframe loading=\"lazy\" title=\"Com Cristo na Escola de Ora\u00e7\u00e3o - Li\u00e7\u00e3o 06 - Andrew Murray\" width=\"1920\" height=\"1080\" src=\"https:\/\/www.youtube.com\/embed\/7AHgTFsRC8k?feature=oembed\" frameborder=\"0\" allow=\"accelerometer; autoplay; clipboard-write; encrypted-media; gyroscope; picture-in-picture; web-share\" referrerpolicy=\"strict-origin-when-cross-origin\" allowfullscreen><\/iframe><\/div>\n<\/div><\/figure>\n\n\n\n<h2 class=\"wp-block-heading\">Li\u00e7\u00e3o Sete<\/h2>\n\n\n\n<figure class=\"wp-block-embed is-type-video is-provider-youtube wp-block-embed-youtube wp-embed-aspect-16-9 wp-has-aspect-ratio\"><div class=\"wp-block-embed__wrapper\">\n<div class='embed-container'><iframe loading=\"lazy\" title=\"Com Cristo na Escola de Ora\u00e7\u00e3o - Li\u00e7\u00e3o 07 - Andrew Murray\" width=\"1920\" height=\"1080\" src=\"https:\/\/www.youtube.com\/embed\/R6DMGeNBL-c?feature=oembed\" frameborder=\"0\" allow=\"accelerometer; autoplay; clipboard-write; encrypted-media; gyroscope; picture-in-picture; web-share\" referrerpolicy=\"strict-origin-when-cross-origin\" allowfullscreen><\/iframe><\/div>\n<\/div><\/figure>\n\n\n\n<h2 class=\"wp-block-heading\">Li\u00e7\u00e3o Oito<\/h2>\n\n\n\n<figure class=\"wp-block-embed is-type-video is-provider-youtube wp-block-embed-youtube wp-embed-aspect-16-9 wp-has-aspect-ratio\"><div class=\"wp-block-embed__wrapper\">\n<div class='embed-container'><iframe loading=\"lazy\" title=\"Com Cristo na Escola de Ora\u00e7\u00e3o - Li\u00e7\u00e3o 08 - Andrew Murray\" width=\"1920\" height=\"1080\" src=\"https:\/\/www.youtube.com\/embed\/Q7SgB8_34C4?feature=oembed\" frameborder=\"0\" allow=\"accelerometer; autoplay; clipboard-write; encrypted-media; gyroscope; picture-in-picture; web-share\" referrerpolicy=\"strict-origin-when-cross-origin\" allowfullscreen><\/iframe><\/div>\n<\/div><\/figure>\n\n\n\n<h2 class=\"wp-block-heading\">Li\u00e7\u00e3o Nove<\/h2>\n\n\n\n<figure class=\"wp-block-embed is-type-video is-provider-youtube wp-block-embed-youtube wp-embed-aspect-16-9 wp-has-aspect-ratio\"><div class=\"wp-block-embed__wrapper\">\n<div class='embed-container'><iframe loading=\"lazy\" title=\"Com Cristo na Escola de Ora\u00e7\u00e3o - Li\u00e7\u00e3o 09 - Andrew Murray\" width=\"1920\" height=\"1080\" src=\"https:\/\/www.youtube.com\/embed\/gjNLT7eOuDs?feature=oembed\" frameborder=\"0\" allow=\"accelerometer; autoplay; clipboard-write; encrypted-media; gyroscope; picture-in-picture; web-share\" referrerpolicy=\"strict-origin-when-cross-origin\" allowfullscreen><\/iframe><\/div>\n<\/div><\/figure>\n\n\n\n<h2 class=\"wp-block-heading\">Li\u00e7\u00e3o Dez<\/h2>\n\n\n\n<figure class=\"wp-block-embed is-type-video is-provider-youtube wp-block-embed-youtube wp-embed-aspect-16-9 wp-has-aspect-ratio\"><div class=\"wp-block-embed__wrapper\">\n<div class='embed-container'><iframe loading=\"lazy\" title=\"Com Cristo na Escola de Ora\u00e7\u00e3o - Li\u00e7\u00e3o 10 - Andrew Murray\" width=\"1920\" height=\"1080\" src=\"https:\/\/www.youtube.com\/embed\/-USY6XL7XNg?feature=oembed\" frameborder=\"0\" allow=\"accelerometer; autoplay; clipboard-write; encrypted-media; gyroscope; picture-in-picture; web-share\" referrerpolicy=\"strict-origin-when-cross-origin\" allowfullscreen><\/iframe><\/div>\n<\/div><\/figure>\n\n\n\n<h2 class=\"wp-block-heading\">Li\u00e7\u00e3o Onze<\/h2>\n\n\n\n<figure class=\"wp-block-embed is-type-video is-provider-youtube wp-block-embed-youtube wp-embed-aspect-16-9 wp-has-aspect-ratio\"><div class=\"wp-block-embed__wrapper\">\n<div class='embed-container'><iframe loading=\"lazy\" title=\"Com Cristo na Escola de Ora\u00e7\u00e3o - Li\u00e7\u00e3o 11 - Andrew Murray\" width=\"1920\" height=\"1080\" src=\"https:\/\/www.youtube.com\/embed\/eOvyGzTyFnw?feature=oembed\" frameborder=\"0\" allow=\"accelerometer; autoplay; clipboard-write; encrypted-media; gyroscope; picture-in-picture; web-share\" referrerpolicy=\"strict-origin-when-cross-origin\" allowfullscreen><\/iframe><\/div>\n<\/div><\/figure>\n\n\n\n<h2 class=\"wp-block-heading\">Li\u00e7\u00e3o Doze<\/h2>\n\n\n\n<figure class=\"wp-block-embed is-type-video is-provider-youtube wp-block-embed-youtube wp-embed-aspect-16-9 wp-has-aspect-ratio\"><div class=\"wp-block-embed__wrapper\">\n<div class='embed-container'><iframe loading=\"lazy\" title=\"Com Cristo na Escola de Ora\u00e7\u00e3o - Li\u00e7\u00e3o 12 - Andrew Murray\" width=\"1920\" height=\"1080\" src=\"https:\/\/www.youtube.com\/embed\/ERqO3Zosmy8?feature=oembed\" frameborder=\"0\" allow=\"accelerometer; autoplay; clipboard-write; encrypted-media; gyroscope; picture-in-picture; web-share\" referrerpolicy=\"strict-origin-when-cross-origin\" allowfullscreen><\/iframe><\/div>\n<\/div><\/figure>\n\n\n\n<h2 class=\"wp-block-heading\">Li\u00e7\u00e3o Treze<\/h2>\n\n\n\n<figure class=\"wp-block-embed is-type-video is-provider-youtube wp-block-embed-youtube wp-embed-aspect-16-9 wp-has-aspect-ratio\"><div class=\"wp-block-embed__wrapper\">\n<div class='embed-container'><iframe loading=\"lazy\" title=\"Com Cristo na Escola de Ora\u00e7\u00e3o - Li\u00e7\u00e3o 13 - Andrew Murray\" width=\"1920\" height=\"1080\" src=\"https:\/\/www.youtube.com\/embed\/aLHZ5fELCJs?feature=oembed\" frameborder=\"0\" allow=\"accelerometer; autoplay; clipboard-write; encrypted-media; gyroscope; picture-in-picture; web-share\" referrerpolicy=\"strict-origin-when-cross-origin\" allowfullscreen><\/iframe><\/div>\n<\/div><\/figure>\n\n\n\n<h2 class=\"wp-block-heading\">Li\u00e7\u00e3o Catorze<\/h2>\n\n\n\n<figure class=\"wp-block-embed is-type-video is-provider-youtube wp-block-embed-youtube wp-embed-aspect-16-9 wp-has-aspect-ratio\"><div class=\"wp-block-embed__wrapper\">\n<div class='embed-container'><iframe loading=\"lazy\" title=\"Com Cristo na Escola de Ora\u00e7\u00e3o - Li\u00e7\u00e3o 14 - Andrew Murray\" width=\"1920\" height=\"1080\" src=\"https:\/\/www.youtube.com\/embed\/9CoGX0-5uC8?feature=oembed\" frameborder=\"0\" allow=\"accelerometer; autoplay; clipboard-write; encrypted-media; gyroscope; picture-in-picture; web-share\" referrerpolicy=\"strict-origin-when-cross-origin\" allowfullscreen><\/iframe><\/div>\n<\/div><\/figure>\n\n\n\n<h2 class=\"wp-block-heading\">Li\u00e7\u00e3o Quinze<\/h2>\n\n\n\n<figure class=\"wp-block-embed is-type-video is-provider-youtube wp-block-embed-youtube wp-embed-aspect-16-9 wp-has-aspect-ratio\"><div class=\"wp-block-embed__wrapper\">\n<div class='embed-container'><iframe loading=\"lazy\" title=\"Com Cristo na Escola de Ora\u00e7\u00e3o - Li\u00e7\u00e3o 15 - Andrew Murray\" width=\"1920\" height=\"1080\" src=\"https:\/\/www.youtube.com\/embed\/STweJSFMIJE?feature=oembed\" frameborder=\"0\" allow=\"accelerometer; autoplay; clipboard-write; encrypted-media; gyroscope; picture-in-picture; web-share\" referrerpolicy=\"strict-origin-when-cross-origin\" allowfullscreen><\/iframe><\/div>\n<\/div><\/figure>\n\n\n\n<h2 class=\"wp-block-heading\">Li\u00e7\u00e3o Dezesseis<\/h2>\n\n\n\n<figure class=\"wp-block-embed is-type-video is-provider-youtube wp-block-embed-youtube wp-embed-aspect-16-9 wp-has-aspect-ratio\"><div class=\"wp-block-embed__wrapper\">\n<div class='embed-container'><iframe loading=\"lazy\" title=\"Com Cristo na Escola de Ora\u00e7\u00e3o - Li\u00e7\u00e3o 16 - Andrew Murray\" width=\"1920\" height=\"1080\" src=\"https:\/\/www.youtube.com\/embed\/30PFSqR8MSM?feature=oembed\" frameborder=\"0\" allow=\"accelerometer; autoplay; clipboard-write; encrypted-media; gyroscope; picture-in-picture; web-share\" referrerpolicy=\"strict-origin-when-cross-origin\" allowfullscreen><\/iframe><\/div>\n<\/div><\/figure>\n\n\n\n<h2 class=\"wp-block-heading\">Li\u00e7\u00e3o Dezessete<\/h2>\n\n\n\n<figure class=\"wp-block-embed is-type-video is-provider-youtube wp-block-embed-youtube wp-embed-aspect-16-9 wp-has-aspect-ratio\"><div class=\"wp-block-embed__wrapper\">\n<div class='embed-container'><iframe loading=\"lazy\" title=\"Com Cristo na Escola de Ora\u00e7\u00e3o - Li\u00e7\u00e3o 17 - Andrew Murray\" width=\"1920\" height=\"1080\" src=\"https:\/\/www.youtube.com\/embed\/9g1-GaT8k9g?feature=oembed\" frameborder=\"0\" allow=\"accelerometer; autoplay; clipboard-write; encrypted-media; gyroscope; picture-in-picture; web-share\" referrerpolicy=\"strict-origin-when-cross-origin\" allowfullscreen><\/iframe><\/div>\n<\/div><\/figure>\n\n\n\n<h2 class=\"wp-block-heading\">Li\u00e7\u00e3o Dezoito<\/h2>\n\n\n\n<figure class=\"wp-block-embed is-type-video is-provider-youtube wp-block-embed-youtube wp-embed-aspect-16-9 wp-has-aspect-ratio\"><div class=\"wp-block-embed__wrapper\">\n<div class='embed-container'><iframe loading=\"lazy\" title=\"Com Cristo na Escola de Ora\u00e7\u00e3o - Li\u00e7\u00e3o 18 - Andrew Murray\" width=\"1920\" height=\"1080\" src=\"https:\/\/www.youtube.com\/embed\/Qd75hcbkch4?feature=oembed\" frameborder=\"0\" allow=\"accelerometer; autoplay; clipboard-write; encrypted-media; gyroscope; picture-in-picture; web-share\" referrerpolicy=\"strict-origin-when-cross-origin\" allowfullscreen><\/iframe><\/div>\n<\/div><\/figure>\n\n\n\n<h2 class=\"wp-block-heading\">Li\u00e7\u00e3o Dezenove<\/h2>\n\n\n\n<figure class=\"wp-block-embed is-type-video is-provider-youtube wp-block-embed-youtube wp-embed-aspect-16-9 wp-has-aspect-ratio\"><div class=\"wp-block-embed__wrapper\">\n<div class='embed-container'><iframe loading=\"lazy\" title=\"Com Cristo na Escola de Ora\u00e7\u00e3o - Li\u00e7\u00e3o 19 - Andrew Murray\" width=\"1920\" height=\"1080\" src=\"https:\/\/www.youtube.com\/embed\/EKmbk9OQ10c?feature=oembed\" frameborder=\"0\" allow=\"accelerometer; autoplay; clipboard-write; encrypted-media; gyroscope; picture-in-picture; web-share\" referrerpolicy=\"strict-origin-when-cross-origin\" allowfullscreen><\/iframe><\/div>\n<\/div><\/figure>\n\n\n\n<h2 class=\"wp-block-heading\">Li\u00e7\u00e3o Vinte<\/h2>\n\n\n\n<figure class=\"wp-block-embed is-type-video is-provider-youtube wp-block-embed-youtube wp-embed-aspect-16-9 wp-has-aspect-ratio\"><div class=\"wp-block-embed__wrapper\">\n<div class='embed-container'><iframe loading=\"lazy\" title=\"Com Cristo na Escola de Ora\u00e7\u00e3o - Li\u00e7\u00e3o 20 - Andrew Murray\" width=\"1920\" height=\"1080\" src=\"https:\/\/www.youtube.com\/embed\/0WZ-YE2-Vo0?feature=oembed\" frameborder=\"0\" allow=\"accelerometer; autoplay; clipboard-write; encrypted-media; gyroscope; picture-in-picture; web-share\" referrerpolicy=\"strict-origin-when-cross-origin\" allowfullscreen><\/iframe><\/div>\n<\/div><\/figure>\n\n\n\n<h2 class=\"wp-block-heading\">Li\u00e7\u00e3o Vinte e Um<\/h2>\n\n\n\n<figure class=\"wp-block-embed is-type-video is-provider-youtube wp-block-embed-youtube wp-embed-aspect-16-9 wp-has-aspect-ratio\"><div class=\"wp-block-embed__wrapper\">\n<div class='embed-container'><iframe loading=\"lazy\" title=\"Com Cristo na Escola de Ora\u00e7\u00e3o - Li\u00e7\u00e3o 21 - Andrew Murray\" width=\"1920\" height=\"1080\" src=\"https:\/\/www.youtube.com\/embed\/CXGJy8cUSFs?feature=oembed\" frameborder=\"0\" allow=\"accelerometer; autoplay; clipboard-write; encrypted-media; gyroscope; picture-in-picture; web-share\" referrerpolicy=\"strict-origin-when-cross-origin\" allowfullscreen><\/iframe><\/div>\n<\/div><\/figure>\n\n\n\n<h2 class=\"wp-block-heading\">Li\u00e7\u00e3o Vinte e Dois<\/h2>\n\n\n\n<figure class=\"wp-block-embed is-type-video is-provider-youtube wp-block-embed-youtube wp-embed-aspect-16-9 wp-has-aspect-ratio\"><div class=\"wp-block-embed__wrapper\">\n<div class='embed-container'><iframe loading=\"lazy\" title=\"Com Cristo na Escola de Ora\u00e7\u00e3o - Li\u00e7\u00e3o 22 - Andrew Murray\" width=\"1920\" height=\"1080\" src=\"https:\/\/www.youtube.com\/embed\/p7Lvka793rM?feature=oembed\" frameborder=\"0\" allow=\"accelerometer; autoplay; clipboard-write; encrypted-media; gyroscope; picture-in-picture; web-share\" referrerpolicy=\"strict-origin-when-cross-origin\" allowfullscreen><\/iframe><\/div>\n<\/div><\/figure>\n\n\n\n<h2 class=\"wp-block-heading\">Li\u00e7\u00e3o Vinte e Tr\u00eas<\/h2>\n\n\n\n<figure class=\"wp-block-embed is-type-video is-provider-youtube wp-block-embed-youtube wp-embed-aspect-16-9 wp-has-aspect-ratio\"><div class=\"wp-block-embed__wrapper\">\n<div class='embed-container'><iframe loading=\"lazy\" title=\"Com Cristo na Escola de Ora\u00e7\u00e3o - Li\u00e7\u00e3o 23 - Andrew Murray\" width=\"1920\" height=\"1080\" src=\"https:\/\/www.youtube.com\/embed\/xskh8X_BTbg?start=23&#038;feature=oembed\" frameborder=\"0\" allow=\"accelerometer; autoplay; clipboard-write; encrypted-media; gyroscope; picture-in-picture; web-share\" referrerpolicy=\"strict-origin-when-cross-origin\" allowfullscreen><\/iframe><\/div>\n<\/div><\/figure>\n\n\n\n<h2 class=\"wp-block-heading\">Li\u00e7\u00e3o Vinte e Quatro<\/h2>\n\n\n\n<figure class=\"wp-block-embed is-type-video is-provider-youtube wp-block-embed-youtube wp-embed-aspect-16-9 wp-has-aspect-ratio\"><div class=\"wp-block-embed__wrapper\">\n<div class='embed-container'><iframe loading=\"lazy\" title=\"Com Cristo na Escola de Ora\u00e7\u00e3o - Li\u00e7\u00e3o 24 - Andrew Murray\" width=\"1920\" height=\"1080\" src=\"https:\/\/www.youtube.com\/embed\/-j0qDBya7qA?feature=oembed\" frameborder=\"0\" allow=\"accelerometer; autoplay; clipboard-write; encrypted-media; gyroscope; picture-in-picture; web-share\" referrerpolicy=\"strict-origin-when-cross-origin\" allowfullscreen><\/iframe><\/div>\n<\/div><\/figure>\n\n\n\n<h2 class=\"wp-block-heading\">Li\u00e7\u00e3o Vinte e Cinco<\/h2>\n\n\n\n<figure class=\"wp-block-embed is-type-video is-provider-youtube wp-block-embed-youtube wp-embed-aspect-16-9 wp-has-aspect-ratio\"><div class=\"wp-block-embed__wrapper\">\n<div class='embed-container'><iframe loading=\"lazy\" title=\"Com Cristo na Escola de Ora\u00e7\u00e3o - Li\u00e7\u00e3o 25 - Andrew Murray\" width=\"1920\" height=\"1080\" src=\"https:\/\/www.youtube.com\/embed\/pY54W9i3hRQ?feature=oembed\" frameborder=\"0\" allow=\"accelerometer; autoplay; clipboard-write; encrypted-media; gyroscope; picture-in-picture; web-share\" referrerpolicy=\"strict-origin-when-cross-origin\" allowfullscreen><\/iframe><\/div>\n<\/div><\/figure>\n\n\n\n<h2 class=\"wp-block-heading\">Li\u00e7\u00e3o Vinte e Seis<\/h2>\n\n\n\n<figure class=\"wp-block-embed is-type-video is-provider-youtube wp-block-embed-youtube wp-embed-aspect-16-9 wp-has-aspect-ratio\"><div class=\"wp-block-embed__wrapper\">\n<div class='embed-container'><iframe loading=\"lazy\" title=\"Com Cristo na Escola de Ora\u00e7\u00e3o - Li\u00e7\u00e3o 26 - Andrew Murray\" width=\"1920\" height=\"1080\" src=\"https:\/\/www.youtube.com\/embed\/yr5f2oTyjfM?feature=oembed\" frameborder=\"0\" allow=\"accelerometer; autoplay; clipboard-write; encrypted-media; gyroscope; picture-in-picture; web-share\" referrerpolicy=\"strict-origin-when-cross-origin\" allowfullscreen><\/iframe><\/div>\n<\/div><\/figure>\n\n\n\n<h2 class=\"wp-block-heading\">Li\u00e7\u00e3o Vinte e Sete<\/h2>\n\n\n\n<figure class=\"wp-block-embed is-type-video is-provider-youtube wp-block-embed-youtube wp-embed-aspect-16-9 wp-has-aspect-ratio\"><div class=\"wp-block-embed__wrapper\">\n<div class='embed-container'><iframe loading=\"lazy\" title=\"Com Cristo na Escola de Ora\u00e7\u00e3o - Li\u00e7\u00e3o 27 - Andrew Murray\" width=\"1920\" height=\"1080\" src=\"https:\/\/www.youtube.com\/embed\/1Bk5O43vm4Q?feature=oembed\" frameborder=\"0\" allow=\"accelerometer; autoplay; clipboard-write; encrypted-media; gyroscope; picture-in-picture; web-share\" referrerpolicy=\"strict-origin-when-cross-origin\" allowfullscreen><\/iframe><\/div>\n<\/div><\/figure>\n\n\n\n<h2 class=\"wp-block-heading\">Li\u00e7\u00e3o Vinte e Oito<\/h2>\n\n\n\n<figure class=\"wp-block-embed is-type-video is-provider-youtube wp-block-embed-youtube wp-embed-aspect-16-9 wp-has-aspect-ratio\"><div class=\"wp-block-embed__wrapper\">\n<div class='embed-container'><iframe loading=\"lazy\" title=\"Com Cristo na Escola de Ora\u00e7\u00e3o - Li\u00e7\u00e3o 28 - Andrew Murray\" width=\"1920\" height=\"1080\" src=\"https:\/\/www.youtube.com\/embed\/vOIoAoq4TTc?feature=oembed\" frameborder=\"0\" allow=\"accelerometer; autoplay; clipboard-write; encrypted-media; gyroscope; picture-in-picture; web-share\" referrerpolicy=\"strict-origin-when-cross-origin\" allowfullscreen><\/iframe><\/div>\n<\/div><\/figure>\n\n\n\n<h2 class=\"wp-block-heading\">Li\u00e7\u00e3o Vinte e Nove<\/h2>\n\n\n\n<figure class=\"wp-block-embed is-type-video is-provider-youtube wp-block-embed-youtube wp-embed-aspect-16-9 wp-has-aspect-ratio\"><div class=\"wp-block-embed__wrapper\">\n<div class='embed-container'><iframe loading=\"lazy\" title=\"Com Cristo na Escola de Ora\u00e7\u00e3o - Li\u00e7\u00e3o 29 - Andrew Murray\" width=\"1920\" height=\"1080\" src=\"https:\/\/www.youtube.com\/embed\/VfA3kRZTNBE?feature=oembed\" frameborder=\"0\" allow=\"accelerometer; autoplay; clipboard-write; encrypted-media; gyroscope; picture-in-picture; web-share\" referrerpolicy=\"strict-origin-when-cross-origin\" allowfullscreen><\/iframe><\/div>\n<\/div><\/figure>\n\n\n\n<h2 class=\"wp-block-heading\">Li\u00e7\u00e3o Trinta<\/h2>\n\n\n\n<figure class=\"wp-block-embed is-type-video is-provider-youtube wp-block-embed-youtube wp-embed-aspect-16-9 wp-has-aspect-ratio\"><div class=\"wp-block-embed__wrapper\">\n<div class='embed-container'><iframe loading=\"lazy\" title=\"Com Cristo na Escola de Ora\u00e7\u00e3o - Li\u00e7\u00e3o 30 - Andrew Murray\" width=\"1920\" height=\"1080\" src=\"https:\/\/www.youtube.com\/embed\/WcbcgrUnxtM?feature=oembed\" frameborder=\"0\" allow=\"accelerometer; autoplay; clipboard-write; encrypted-media; gyroscope; picture-in-picture; web-share\" referrerpolicy=\"strict-origin-when-cross-origin\" allowfullscreen><\/iframe><\/div>\n<\/div><\/figure>\n\n\n\n<h2 class=\"wp-block-heading\">Li\u00e7\u00e3o Trinta e Um<\/h2>\n\n\n\n<figure class=\"wp-block-embed is-type-video is-provider-youtube wp-block-embed-youtube wp-embed-aspect-16-9 wp-has-aspect-ratio\"><div class=\"wp-block-embed__wrapper\">\n<div class='embed-container'><iframe loading=\"lazy\" title=\"Com Cristo na Escola de Ora\u00e7\u00e3o - Li\u00e7\u00e3o 31 - Andrew Murray\" width=\"1920\" height=\"1080\" src=\"https:\/\/www.youtube.com\/embed\/XVySRl3VZt0?start=32&#038;feature=oembed\" frameborder=\"0\" allow=\"accelerometer; autoplay; clipboard-write; encrypted-media; gyroscope; picture-in-picture; web-share\" referrerpolicy=\"strict-origin-when-cross-origin\" allowfullscreen><\/iframe><\/div>\n<\/div><\/figure>\n\n\n\n<h2 class=\"wp-block-heading\">Nota Final<\/h2>\n\n\n\n<figure class=\"wp-block-embed is-type-video is-provider-youtube wp-block-embed-youtube wp-embed-aspect-16-9 wp-has-aspect-ratio\"><div class=\"wp-block-embed__wrapper\">\n<div class='embed-container'><iframe loading=\"lazy\" title=\"Com Cristo na Escola de Ora\u00e7\u00e3o - Nota Final - Andrew Murray\" width=\"1920\" height=\"1080\" src=\"https:\/\/www.youtube.com\/embed\/1i4tZWmoqC4?feature=oembed\" frameborder=\"0\" allow=\"accelerometer; autoplay; clipboard-write; encrypted-media; gyroscope; picture-in-picture; web-share\" referrerpolicy=\"strict-origin-when-cross-origin\" allowfullscreen><\/iframe><\/div>\n<\/div><\/figure>\n","protected":false},"excerpt":{"rendered":"<p>Pref\u00e1cio Li\u00e7\u00e3o Um Li\u00e7\u00e3o Dois Li\u00e7\u00e3o Tr\u00eas Li\u00e7\u00e3o Quatro Li\u00e7\u00e3o Cinco Li\u00e7\u00e3o Seis Li\u00e7\u00e3o Sete Li\u00e7\u00e3o Oito Li\u00e7\u00e3o Nove Li\u00e7\u00e3o Dez Li\u00e7\u00e3o Onze Li\u00e7\u00e3o Doze Li\u00e7\u00e3o Treze Li\u00e7\u00e3o Catorze Li\u00e7\u00e3o Quinze Li\u00e7\u00e3o Dezesseis Li\u00e7\u00e3o Dezessete Li\u00e7\u00e3o Dezoito Li\u00e7\u00e3o Dezenove Li\u00e7\u00e3o Vinte Li\u00e7\u00e3o Vinte e Um Li\u00e7\u00e3o Vinte e Dois Li\u00e7\u00e3o Vinte e Tr\u00eas Li\u00e7\u00e3o Vinte&hellip; <br \/> <a class=\"read-more\" href=\"https:\/\/pontocomapalavra.com\/index.php\/audiolivros\/andrew-murray\/com-cristo-na-escola-da-oracao\/\">Read more<\/a><\/p>\n","protected":false},"author":1,"featured_media":0,"parent":13,"menu_order":0,"comment_status":"closed","ping_status":"closed","template":"","meta":{"_monsterinsights_skip_tracking":false,"_monsterinsights_sitenote_active":false,"_monsterinsights_sitenote_note":"","_monsterinsights_sitenote_category":0,"footnotes":""},"aioseo_notices":[],"_links":{"self":[{"href":"https:\/\/pontocomapalavra.com\/index.php\/wp-json\/wp\/v2\/pages\/4423"}],"collection":[{"href":"https:\/\/pontocomapalavra.com\/index.php\/wp-json\/wp\/v2\/pages"}],"about":[{"href":"https:\/\/pontocomapalavra.com\/index.php\/wp-json\/wp\/v2\/types\/page"}],"author":[{"embeddable":true,"href":"https:\/\/pontocomapalavra.com\/index.php\/wp-json\/wp\/v2\/users\/1"}],"replies":[{"embeddable":true,"href":"https:\/\/pontocomapalavra.com\/index.php\/wp-json\/wp\/v2\/comments?post=4423"}],"version-history":[{"count":1,"href":"https:\/\/pontocomapalavra.com\/index.php\/wp-json\/wp\/v2\/pages\/4423\/revisions"}],"predecessor-version":[{"id":4424,"href":"https:\/\/pontocomapalavra.com\/index.php\/wp-json\/wp\/v2\/pages\/4423\/revisions\/4424"}],"up":[{"embeddable":true,"href":"https:\/\/pontocomapalavra.com\/index.php\/wp-json\/wp\/v2\/pages\/13"}],"wp:attachment":[{"href":"https:\/\/pontocomapalavra.com\/index.php\/wp-json\/wp\/v2\/media?parent=4423"}],"curies":[{"name":"wp","href":"https:\/\/api.w.org\/{rel}","templated":true}]}}