{"id":1841,"date":"2022-10-02T16:28:40","date_gmt":"2022-10-02T19:28:40","guid":{"rendered":"https:\/\/pontocomapalavradotcom.wordpress.com\/?page_id=1841"},"modified":"2024-01-19T18:46:13","modified_gmt":"2024-01-19T21:46:13","slug":"humberto-moraes","status":"publish","type":"page","link":"https:\/\/pontocomapalavra.com\/index.php\/mensagens\/humberto-moraes\/","title":{"rendered":"Humberto Moraes"},"content":{"rendered":"\n<p><a href=\"https:\/\/pontocomapalavra.com\/index.php\/mensagens\/humberto-moraes\/cruz-e-discipulado\/\" title=\"\">Cruz e Discipulado<\/a><\/p>\n\n\n\n<p><a href=\"https:\/\/pontocomapalavra.com\/index.php\/mensagens\/humberto-moraes\/redencao-e-propiciacao-em-cristo-jesus\/\" title=\"\">Reden\u00e7\u00e3o e Propicia\u00e7\u00e3o em Cristo Jesus <\/a><\/p>\n","protected":false},"excerpt":{"rendered":"<p>Cruz e Discipulado Reden\u00e7\u00e3o e Propicia\u00e7\u00e3o em Cristo Jesus<\/p>\n","protected":false},"author":1,"featured_media":0,"parent":791,"menu_order":0,"comment_status":"closed","ping_status":"closed","template":"","meta":{"_monsterinsights_skip_tracking":false,"_monsterinsights_sitenote_active":false,"_monsterinsights_sitenote_note":"","_monsterinsights_sitenote_category":0,"footnotes":""},"aioseo_notices":[],"_links":{"self":[{"href":"https:\/\/pontocomapalavra.com\/index.php\/wp-json\/wp\/v2\/pages\/1841"}],"collection":[{"href":"https:\/\/pontocomapalavra.com\/index.php\/wp-json\/wp\/v2\/pages"}],"about":[{"href":"https:\/\/pontocomapalavra.com\/index.php\/wp-json\/wp\/v2\/types\/page"}],"author":[{"embeddable":true,"href":"https:\/\/pontocomapalavra.com\/index.php\/wp-json\/wp\/v2\/users\/1"}],"replies":[{"embeddable":true,"href":"https:\/\/pontocomapalavra.com\/index.php\/wp-json\/wp\/v2\/comments?post=1841"}],"version-history":[{"count":3,"href":"https:\/\/pontocomapalavra.com\/index.php\/wp-json\/wp\/v2\/pages\/1841\/revisions"}],"predecessor-version":[{"id":3742,"href":"https:\/\/pontocomapalavra.com\/index.php\/wp-json\/wp\/v2\/pages\/1841\/revisions\/3742"}],"up":[{"embeddable":true,"href":"https:\/\/pontocomapalavra.com\/index.php\/wp-json\/wp\/v2\/pages\/791"}],"wp:attachment":[{"href":"https:\/\/pontocomapalavra.com\/index.php\/wp-json\/wp\/v2\/media?parent=1841"}],"curies":[{"name":"wp","href":"https:\/\/api.w.org\/{rel}","templated":true}]}}