{"id":13,"date":"2022-07-16T09:27:18","date_gmt":"2022-07-16T12:27:18","guid":{"rendered":"https:\/\/pontocomapalavradotcom.wordpress.com\/?page_id=13"},"modified":"2025-06-11T15:01:18","modified_gmt":"2025-06-11T18:01:18","slug":"andrew-murray","status":"publish","type":"page","link":"https:\/\/pontocomapalavra.com\/index.php\/audiolivros\/andrew-murray\/","title":{"rendered":"Andrew Murray"},"content":{"rendered":"\n<p class=\"has-medium-font-size\"><a href=\"https:\/\/pontocomapalavra.com\/index.php\/audiolivros\/andrew-murray\/a-escola-da-obediencia\/\" title=\"\">A Escola da Obedi\u00eancia<\/a><\/p>\n\n\n\n<p class=\"has-medium-font-size\"><a href=\"https:\/\/pontocomapalavra.com\/index.php\/audiolivros\/andrew-murray\/com-cristo-na-escola-da-oracao\/\" title=\"\">Com Cristo na Escola de Ora\u00e7\u00e3o<\/a><\/p>\n\n\n\n<p class=\"has-medium-font-size\"><a href=\"https:\/\/pontocomapalavra.com\/index.php\/audiolivros\/andrew-murray\/o-espirito-de-cristo\/\" title=\"\">O Esp\u00edrito de Cristo<\/a><\/p>\n\n\n\n<p class=\"has-medium-font-size\"><a href=\"http:\/\/pontocomapalavra.com\/index.php\/audiolivros\/andrew-murray\/o-santo-dos-santos-uma-exposicao-da-epistola-aos-hebreus\/\" title=\"\">O Santo dos Santos: Uma Exposi\u00e7\u00e3o da Ep\u00edstola aos Hebreus<\/a><\/p>\n\n\n\n<p><\/p>\n","protected":false},"excerpt":{"rendered":"<p>A Escola da Obedi\u00eancia Com Cristo na Escola de Ora\u00e7\u00e3o O Esp\u00edrito de Cristo O Santo dos Santos: Uma Exposi\u00e7\u00e3o da Ep\u00edstola aos Hebreus<\/p>\n","protected":false},"author":1,"featured_media":0,"parent":1941,"menu_order":0,"comment_status":"closed","ping_status":"closed","template":"","meta":{"_monsterinsights_skip_tracking":false,"_monsterinsights_sitenote_active":false,"_monsterinsights_sitenote_note":"","_monsterinsights_sitenote_category":0,"footnotes":""},"aioseo_notices":[],"_links":{"self":[{"href":"https:\/\/pontocomapalavra.com\/index.php\/wp-json\/wp\/v2\/pages\/13"}],"collection":[{"href":"https:\/\/pontocomapalavra.com\/index.php\/wp-json\/wp\/v2\/pages"}],"about":[{"href":"https:\/\/pontocomapalavra.com\/index.php\/wp-json\/wp\/v2\/types\/page"}],"author":[{"embeddable":true,"href":"https:\/\/pontocomapalavra.com\/index.php\/wp-json\/wp\/v2\/users\/1"}],"replies":[{"embeddable":true,"href":"https:\/\/pontocomapalavra.com\/index.php\/wp-json\/wp\/v2\/comments?post=13"}],"version-history":[{"count":3,"href":"https:\/\/pontocomapalavra.com\/index.php\/wp-json\/wp\/v2\/pages\/13\/revisions"}],"predecessor-version":[{"id":4427,"href":"https:\/\/pontocomapalavra.com\/index.php\/wp-json\/wp\/v2\/pages\/13\/revisions\/4427"}],"up":[{"embeddable":true,"href":"https:\/\/pontocomapalavra.com\/index.php\/wp-json\/wp\/v2\/pages\/1941"}],"wp:attachment":[{"href":"https:\/\/pontocomapalavra.com\/index.php\/wp-json\/wp\/v2\/media?parent=13"}],"curies":[{"name":"wp","href":"https:\/\/api.w.org\/{rel}","templated":true}]}}